 -4 + -22?
-26
In base 9, what is 1 - 43?
-42
In base 13, what is 5b3c + 2?
5b41
In base 14, what is 4 - 228?
-224
In base 7, what is 15 + -1331?
-1313
In base 7, what is -2013 - -1?
-2012
In base 9, what is 2614 - -3?
2617
In base 4, what is 12 - 0?
12
In base 14, what is 3 + 1c3?
1c6
In base 13, what is -3 + 31?
2b
In base 11, what is -244 + 20?
-224
In base 3, what is 20 + 11210211?
11211001
In base 13, what is 1 - -558?
559
In base 16, what is 6d8 + 0?
6d8
In base 10, what is 310 + -9?
301
In base 11, what is -4 + -78?
-81
In base 10, what is -4 + 1943?
1939
In base 12, what is -a8 - 6?
-b2
In base 9, what is 0 + -100?
-100
In base 4, what is -22310 - -3?
-22301
In base 11, what is 21 - -6?
27
In base 13, what is 4 + 1a1?
1a5
In base 14, what is 42 + -23?
1d
In base 3, what is -102 + -11?
-120
In base 16, what is f - a?
5
In base 13, what is -b + -4b?
-59
In base 14, what is -146 + 5?
-141
In base 3, what is 2 - -20222?
21001
In base 13, what is 51 - -8?
59
In base 6, what is -10 - -30?
20
In base 12, what is 5 + -a?
-5
In base 13, what is 3 + -75?
-72
In base 14, what is -3 - 373?
-376
In base 7, what is 24 + -140?
-113
In base 14, what is 4 + -58a?
-586
In base 12, what is -10 - 55?
-65
In base 8, what is 40 + -6?
32
In base 3, what is -2 - 21201?
-21210
In base 5, what is -2 + 10?
3
In base 4, what is 2 + -21202?
-21200
In base 14, what is 5 + -66?
-61
In base 5, what is 2414 + -2?
2412
In base 13, what is 77 - -5c?
106
In base 5, what is -34221 - 10?
-34231
In base 14, what is 187 - 3?
184
In base 5, what is 4244 + 40?
4334
In base 12, what is 10a - 32?
98
In base 14, what is -426 - -4?
-422
In base 14, what is -11 + 0?
-11
In base 13, what is 2 + -78?
-76
In base 7, what is 10 + 130?
140
In base 7, what is -553 + 0?
-553
In base 9, what is -127 + 22?
-105
In base 4, what is -2 + 13?
11
In base 6, what is -5 - -125?
120
In base 10, what is 14 + -15?
-1
In base 16, what is 2 - 3?
-1
In base 15, what is -20 - -1?
-1e
In base 6, what is -10 - 1325?
-1335
In base 3, what is -102212 - 2?
-102221
In base 5, what is -1121 - -10?
-1111
In base 11, what is 141 + -2?
13a
In base 12, what is 5 + -26?
-21
In base 8, what is -1 - -42?
41
In base 2, what is -1010 + 101111?
100101
In base 11, what is 512 + -5?
508
In base 8, what is -350 + 7?
-341
In base 7, what is -114 + 122?
5
In base 6, what is 5 - 2225?
-2220
In base 14, what is -7 - -53?
4a
In base 9, what is -641 - 7?
-648
In base 9, what is 3 + 274?
277
In base 10, what is -6 - -48?
42
In base 14, what is 552 + 4?
556
In base 8, what is 62 + -201?
-117
In base 7, what is 5 + 150?
155
In base 8, what is -2 + 247?
245
In base 13, what is 1 + -24?
-23
In base 7, what is 30 + 10?
40
In base 10, what is 247 - -4?
251
In base 11, what is -5 - -256a?
2565
In base 10, what is 138 - 5?
133
In base 13, what is -5 + 166?
161
In base 7, what is -212 + -104?
-316
In base 12, what is -53 + 0?
-53
In base 11, what is 1 + -27?
-26
In base 3, what is -1 + 2000?
1222
In base 4, what is -131 + 11222?
11031
In base 14, what is -4 - -6a?
66
In base 4, what is -1232120 - -3?
-1232111
In base 15, what is e + 3?
12
In base 9, what is -74 - -21?
-53
In base 14, what is -3 - 84?
-87
In base 6, what is 12043 - 11?
12032
In base 10, what is 631 + -1?
630
In base 14, what is 29 - -d?
38
In base 8, what is -2526 - 1?
-2527
In base 9, what is 42 + -8?
33
In base 9, what is 0 - 32?
-32
In base 15, what is -4e + 29?
-25
In base 10, what is -565 + -1?
-566
In base 7, what is -34 + 104?
40
In base 16, what is 36 + -57?
-21
In base 12, what is -972 + -2?
-974
In base 14, what is -2d + -56?
-85
In base 15, what is -1d - -2?
-1b
In base 12, what is -3 + -29?
-30
In base 9, what is -10774 + 4?
-10770
In base 8, what is -3262 - -3?
-3257
In base 3, what is -10 + 100112?
100102
In base 15, what is -b3 + 26?
-8c
In base 12, what is 17 - -4?
1b
In base 13, what is 551 + 4?
555
In base 16, what is 1c4 + -4?
1c0
In base 2, what is 11001001 - 100?
11000101
In base 16, what is -32 + -45?
-77
In base 4, what is -11 + 13131?
13120
In base 15, what is a891 - -5?
a896
In base 3, what is -1002100 + -1?
-1002101
In base 6, what is 2 - 10140?
-10134
In base 14, what is -136 + -4?
-13a
In base 10, what is -1629 + -4?
-1633
In base 13, what is 4 - -91a?
921
In base 14, what is -b1 + -5a?
-12b
In base 12, what is -2 + 123?
121
In base 13, what is -5 - -39?
34
In base 5, what is 3120 + 14?
3134
In base 10, what is 4 - -342?
346
In base 15, what is -1ec + -5?
-202
In base 11, what is 2a20 - -6?
2a26
In base 3, what is -211110 - -11?
-211022
In base 8, what is 655 + 2?
657
In base 2, what is -100000 + -111?
-100111
In base 11, what is 5 + 1400?
1405
In base 10, what is -43 - -29?
-14
In base 5, what is 1014 + 1?
1020
In base 2, what is 0 + 111000?
111000
In base 11, what is 27 - 5?
22
In base 8, what is 2 + -2532?
-2530
In base 16, what is 4 - 14c?
-148
In base 15, what is -3 - -42?
3e
In base 13, what is 1b - 7b?
-60
In base 14, what is -42 - -6?
-3a
In base 12, what is 65 - 13?
52
In base 10, what is 4 + 479?
483
In base 15, what is 11ca - 2?
11c8
In base 16, what is 6 - -1?
7
In base 7, what is -6 + -10?
-16
In base 5, what is 241 + 1134?
1430
In base 12, what is 1 - -a?
b
In base 14, what is 1 + 23c?
23d
In base 13, what is -531 + -3?
-534
In base 9, what is 23 + 0?
23
In base 9, what is 36 - -4?
41
In base 11, what is -190 + -4?
-194
In base 12, what is -a - 25?
-33
In base 14, what is 28 + 8?
32
In base 12, what is -4 - -3b2?
3aa
In base 5, what is -1 - -13?
12
In base 12, what is -1a6 - -4?
-1a2
In base 16, what is 1a6 - 3?
1a3
In base 13, what is -3 + -31?
-34
In base 2, what is 1 + -110?
-101
In base 5, what is 111 - -13?
124
In base 9, what is -513 - 2?
-515
In base 8, what is -4 + -1066?
-1072
In base 5, what is -3 + 123?
120
In base 11, what is 36a - 1?
369
In base 3, what is -200200 + 11?
-200112
In base 12, what is 73b - -3?
742
In base 7, what is -20 + 5?
-12
In base 10, what is 3 - -50?
53
In base 11, what is -12 - -12?
0
In base 13, what is -1 - 58?
-59
In base 14, what is -114 - -64?
-90
In base 11, what is -24 - -19?
-6
In base 6, what is -340 - 2?
-342
In base 5, what is 1042 + 4?
1101
In base 4, what is 3 + -122?
-113
In base 15, what is be + -2?
bc
In base 7, what is -4011 - -3?
-4005
In base 7, what is -1 - 1432?
-1433
In base 5, what is -3 - -20323?
20320
In base 12, what is 5 - 519?
-514
In base 15, what is -194 - -1?
-193
In base 14, what is 1 + 58?
59
In base 6, what is 2 - 2454?
-2452
In base 8, what is -5 + 47?
42
In base 4, what is -20 + -32?
-112
In base 12, what is 373 + 2?
375
In base 4, what is 10 - 1212?
-1202
In base 8, what is 160 - -4?
164
In base 2, what is 1 - -10101010101?
10101010110
In base 3, what is -222212122 + -11?
-222212210
In base 5, what is 4 - 2?
2
In base 7, what is -10 - -11?
1
In base 3, what is -1 - -101110012?
101110011
In base 16, what is -182 + -4?
-186
In base 7, what is -32 + -161?
-223
In base 10, what is 1 + -7104?
-7103
In base 2, what is 1 + 110000?
110001
In base 12, what is -122 + 5?
-119
In base 4, what is -3102 - 0?
-3102
In base 11, what is 7335 + 5?
733a
In base 10, what is -3781 + 2?
-3779
In base 12, what is 2947 + 5?
2950
In base 14, what is 2b7 - -4?
2bb
In base 12, what is 40 + 17?
57
In base 9, what is -14 - -187?
173
In base 16, what is -6b3 - -4?
-6af
In base 13, what is 39 - -2?
3b
In base 3, what is 2011 + 11011?
20022
In base 7, what is 213 - -10?
223
In base 5, what is 230 + -133?
42
In base 5, what is 0 + 224?
224
In base 14, what is -1165 - -2?
-1163
In base 5, what is 1 + 4?
10
In base 4, what is 2122 - -3?
2131
In base 6, what is 11 + -2?
5
In base 8, what is 3672 + 3?
3675
In base 2, what is 110111011100 - -11?
110111011111
In base 2, what is -1000110 - 10000110?
-11001100
In base 4, what is -23030 - 2?
-23032
In base 13, what is 4 + 5a1?
5a5
In base 16, what is -34 - 8?
-3c
In base 5, what is 3 - -123?
131
In base 4, what is 1001 - 2?
333
In base 15, what is 216d + 2?
2170
In base 6, what is 10312 - 0?
10312
In base 14, what is 3 - 162?
-15d
In base 15, what is 5 + -e?
-9
In base 10, what is 340 + -24?
316
In base 9, what is 4 + 6337?
6342
In base 9, what is 5 - -12?
17
In base 2, what is 100 + -101?
-1
In base 5, what is -104 + -224?
-333
In base 5, what is 